 the highest common divisor of 27 and h?
27
Suppose 16 = -4*m, 6 = -2*g - 0*m - 3*m. Suppose -g*l + 5*l = 20. What is the greatest common divisor of l and 90?
10
Let m = 180 + -125. Let i be (24/(-42))/(14/(-539)). What is the highest common factor of i and m?
11
Let g = 1548 - 1444. Calculate the highest common factor of g and 1118.
26
Let p(k) = 230*k**3 + 2*k - 1. Let y be p(1). Suppose y - 11 = 5*h. Suppose 5*g - 16 = h. Calculate the highest common divisor of 48 and g.
12
Suppose -4*m = -2*r + 132, -6*m = r - 3*m - 66. What is the greatest common divisor of 6 and r?
6
Let m = 0 - -1. Let z be 1 - 2/((-1)/m). Let x be (-2)/z + (-174)/(-18). What is the greatest common factor of x and 45?
9
Let n(y) = -47*y**2 - y + 1. Let r be n(1). Let s be (-4 + 3)*2 - r. Let c = s - 21. What is the greatest common factor of c and 24?
24
Let d(i) = -1054 + 3*i + 3*i**3 + 1049 - 4*i**3 + 15*i**2. Let f be d(15). What is the greatest common divisor of 60 and f?
20
Let j(v) = -11*v**2 + v + 2. Let l be j(-1). Let h be (-15)/l + (-2)/4. Suppose 5 = 2*u - h. What is the highest common divisor of 6 and u?
3
Suppose 118*j - 408 = 115*j. What is the highest common factor of 34 and j?
34
Let v(s) = -8 - 6*s**2 + s**3 - 6*s + 2 - 4*s**2 - 3*s**3. Let z be v(-5). Calculate the highest common divisor of z and 168.
24
Suppose -12 = -4*j - 2*a, -3*j + 0*j + 35 = -5*a. Suppose 4*b = 5*g + 73, -2*b = -j*g - 6 - 23. What is the greatest common divisor of 55 and b?
11
Let x(t) = 8*t**3 + 2*t**2 - 2*t + 2. Let z be x(2). Let j = z - 10. Let a(v) = v**2 - v + 4. Let h be a(5). Calculate the highest common factor of h and j.
12
Let o(y) be the first derivative of 16*y - 4 - 11/2*y**2 - 1/3*y**3. Let j be o(-12). Calculate the highest common factor of j and 2.
2
Suppose -7*c + 1336 = -15*c. Let a = -63 - c. Calculate the highest common factor of 26 and a.
26
Suppose -6*l = -726 + 684. Calculate the highest common divisor of l and 539.
7
Let n be (-6)/4*((-1386)/27 + 6). Calculate the greatest common divisor of 17 and n.
17
Let g(o) = 2*o**2 + 43*o - 172. Let w be g(-25). What is the highest common factor of w and 591?
3
Suppose -25 = q - 28. Let o be (-2)/(-7) - 61/(-7). What is the highest common factor of o and q?
3
Let w = -156 + 160. Suppose 2*x = 5 + 1. Suppose y = w*y - x. What is the highest common divisor of y and 9?
1
Let f be (28/(-56))/((-2)/240). Suppose 63 - 15 = 4*g. What is the highest common factor of f and g?
12
Suppose 0 = -8*b + 2*b - 6. Suppose -3*h = 5 - 2. Let t be 132/12*b/h. What is the highest common factor of 11 and t?
11
Suppose 5*o + f - 290 - 230 = 0, -4*f = o - 85. Let s = o - 96. What is the greatest common factor of 9 and s?
9
Let v(u) = -2*u**2 + 17*u - 9. Let i(z) = -z + 15. Let s be i(8). Let j be v(s). Calculate the highest common factor of 24 and j.
12
Let b be 22 - (4 + -6 + 4). What is the greatest common divisor of b and 320?
20
Let k(q) = q**2 - 54*q - 458. Let j be k(74). Calculate the greatest common divisor of 42 and j.
14
Suppose -598 = -9*b - 364. Suppose 3*i - 2080 = -i. Suppose -3*j + 8*j - i = 0. Calculate the highest common divisor of j and b.
26
Suppose -258 = -3*c + 4*y + 152, -3*y = -4*c + 549. What is the greatest common divisor of 115 and c?
23
Let t = 183 + -81. Let x = t + -58. Calculate the highest common divisor of x and 66.
22
Suppose -5*s = 24 + 1, -s = -4*u - 19. Let p be (2/u)/(9/(-324)). What is the greatest common divisor of 16 and p?
4
Let w = -47 + -11. Let k = -35 - w. Let n = -16 + k. Calculate the greatest common divisor of n and 7.
7
Let f be (2 + -20)*(-12)/36. Suppose -2*i = 3*q - 281, 390 = 4*q + i - f*i. Let z = 73 - 35. What is the greatest common divisor of z and q?
19
Let x(z) be the second derivative of 2*z**4/3 + z**3/3 - 4*z**2 + 18*z. Let o be x(4). Let b = -21 - -37. What is the greatest common factor of b and o?
16
Let y(b) = -b**2 + 6*b - 5. Let z be y(4). Let u = 14 + -6. Suppose -k - z*r = -u, -2*k = -k - r. Calculate the greatest common factor of k and 18.
2
Suppose -3*c + 44 = c + 4*i, -5*c + 2*i = -41. Suppose -3*u + 6 = 114. Let j = -18 - u. Calculate the highest common factor of c and j.
9
Let d be 1*4/1 - (-1010 + -6). Calculate the highest common divisor of d and 136.
68
Suppose -2*m + 88 = -198. Calculate the greatest common factor of 13 and m.
13
Suppose -7*v + 134 = 22. Suppose 4*x - i - 64 = 0, -2*x + i - v = -3*x. What is the highest common factor of x and 2?
2
Let z be 100*(165/(-12))/(-11). Suppose 2*m = -4*s + 106, -8*s - 5*m + z = -3*s. Calculate the highest common divisor of 252 and s.
28
Let o be (-8)/24 + 412/12. Calculate the highest common factor of 51 and o.
17
Suppose -130 = -2*r - 0*r. Suppose 37 = 2*w - r. Suppose 0 = q - 2*a - 27, 4*a + 27 = 7. What is the greatest common factor of w and q?
17
Let h be 180/10 - (4 + (-4)/4). Calculate the highest common divisor of h and 6.
3
Suppose -130 = -q - 15. Calculate the highest common divisor of 69 and q.
23
Suppose 2*h = 9 - 1. Suppose 0 = -b + 4*s, 5*s - 11 = -1. Suppose -m + b = -8. What is the greatest common divisor of m and h?
4
Let a be 4/((-8)/(-6)) + -19. Let s be a/(-12)*12 - 3. Suppose 3*l + 4*m = 293, 66 = l - 10*m + 5*m. Calculate the highest common divisor of s and l.
13
Let s be -1*(-1 + 1 + 0). Let f be (-1)/(1/(-15) + s). Let y be ((-10)/(-6))/(1/45). What is the greatest common factor of f and y?
15
Let i = -23 + 41. Calculate the greatest common divisor of i and 6.
6
Let t be 753 - (2 - (-3 - 1)/4). Calculate the greatest common factor of 100 and t.
50
Suppose 4*t - 20 = 0, 2*u + 3*t + 14 - 83 = 0. Suppose -u = 4*k - 5*g, 4*k - 2*g + 55 = -k. Let v = k + 23. Calculate the highest common factor of v and 10.
10
Suppose 18 = -11*p + 29. Let d be (3/2)/(12/(-32)). Let g = 9 + d. What is the greatest common divisor of g and p?
1
Let d = 20 - -21. Let c = d - 32. Calculate the greatest common divisor of 36 and c.
9
Suppose -5*r - d + 143 = 0, 3*d = r - 7 - 28. What is the greatest common divisor of r and 29?
29
Suppose 14*s - 210 = 4*s. Let g(r) = -2*r**2 - 6*r - 4. Let j be g(-4). Let n = j + s. Calculate the highest common divisor of 6 and n.
3
Suppose -4*g - h + 155 = 0, 4*g - 2*h - 137 = 3*h. Suppose -4*n = -i - 81, g = 2*n + 3*i - 13. What is the highest common divisor of n and 14?
7
Suppose 1009 + 281 = 6*w. Calculate the greatest common factor of w and 15.
5
Let r(l) = -l**3 + 9*l**2 + 13*l - 4. Let c be r(6). What is the highest common factor of 84 and c?
14
Let f(a) = -5*a + 26. Let n be f(-11). Let m = n + -39. Let z(c) = c + 6. Let y be z(0). What is the greatest common divisor of m and y?
6
Suppose 0 = -2*l + l + 30. Suppose 4*r - n = -141, -2*n + n = 3. Let j = r - -111. What is the highest common factor of j and l?
15
Let u(x) = 5*x + 27. Let m be u(-11). Let q = 88 + m. Calculate the highest common factor of q and 24.
12
Suppose -u - 26 = -3*u. Let v(m) = -2*m**3 - 2*m**2 + 3*m + 2. Let f be v(-2). Let r(q) = q + 22. Let g be r(f). Calculate the highest common factor of g and u.
13
Let s be (-18)/(1 + 15/(-6)). Suppose 0 = -5*c + 13 + 2. Suppose z = -5*o + 42, -c*z = -2*o + 6 + 4. Calculate the greatest common divisor of o and s.
4
Let t = -673 - -948. Calculate the greatest common divisor of 121 and t.
11
Let z be -10*((-33)/2 + (19 - 20)). What is the greatest common factor of z and 50?
25
Let p be (468/45 - 10) + 113/5. What is the highest common divisor of p and 1?
1
Suppose 49 + 11 = -s. Let n be ((-32)/(-10))/((-8)/s). Calculate the highest common factor of n and 216.
24
Let d(p) = 4*p**2 + 100*p - 46. Let l be d(-27). Calculate the greatest common divisor of 25 and l.
5
Let u = 42 - 36. Let f be (114/(-10) - -3)/(u/(-45)). Calculate the greatest common divisor of 21 and f.
21
Let w = -6 - -9. Suppose 5*n - 230 = 2*p - 70, -w*n + 77 = -5*p. Suppose 2*k - k = 51. What is the greatest common factor of n and k?
17
Let m be 14/(10/(-5))*-1. Suppose 0 = 2*u + 3*y - 16, -4*u + 3*y = m*y - 32. What is the greatest common divisor of u and 56?
8
Let c = -1160 - -1199. Suppose -5*q + 134 = -2*n, 3*q + 6*n - 72 = 3*n. What is the highest common factor of q and c?
13
Let h(y) = -11*y. Let l be h(-8). Let s(a) = a + 2. Let i be s(0). Let x be ((-7)/((-14)/32))/i. Calculate the greatest common divi